{"id":185,"date":"2023-05-22T15:52:47","date_gmt":"2023-05-22T15:52:47","guid":{"rendered":"https:\/\/opora-os.cz\/?page_id=185"},"modified":"2026-01-12T09:00:17","modified_gmt":"2026-01-12T09:00:17","slug":"sazebnik-uhrad","status":"publish","type":"page","link":"https:\/\/opora-os.cz\/index.php\/sazebnik-uhrad\/","title":{"rendered":"Sazebn\u00edk \u00fahrad"},"content":{"rendered":"\t\t<div data-elementor-type=\"wp-page\" data-elementor-id=\"185\" class=\"elementor elementor-185\" data-elementor-post-type=\"page\">\n\t\t\t\t\t\t<section data-particle_enable=\"false\" data-particle-mobile-disabled=\"false\" class=\"elementor-section elementor-top-section elementor-element elementor-element-1ab57792 elementor-section-full_width elementor-section-height-default elementor-section-height-default\" data-id=\"1ab57792\" data-element_type=\"section\" data-e-type=\"section\" data-settings=\"{&quot;background_background&quot;:&quot;classic&quot;}\">\n\t\t\t\t\t\t<div class=\"elementor-container elementor-column-gap-default\">\n\t\t\t\t\t<div class=\"elementor-column elementor-col-100 elementor-top-column elementor-element elementor-element-2b95b5f4\" data-id=\"2b95b5f4\" data-element_type=\"column\" data-e-type=\"column\">\n\t\t\t<div class=\"elementor-widget-wrap elementor-element-populated\">\n\t\t\t\t\t\t<div class=\"elementor-element elementor-element-2893f74d animated-fast elementor-invisible elementor-widget elementor-widget-heading\" data-id=\"2893f74d\" data-element_type=\"widget\" data-e-type=\"widget\" data-settings=\"{&quot;_animation&quot;:&quot;fadeInUp&quot;,&quot;_animation_delay&quot;:0}\" data-widget_type=\"heading.default\">\n\t\t\t\t<div class=\"elementor-widget-container\">\n\t\t\t\t\t<h2 class=\"elementor-heading-title elementor-size-default\">Sazebn\u00edk \u00fahrad<\/h2>\t\t\t\t<\/div>\n\t\t\t\t<\/div>\n\t\t\t\t\t<\/div>\n\t\t<\/div>\n\t\t\t\t\t<\/div>\n\t\t<\/section>\n\t\t\t\t<section data-particle_enable=\"false\" data-particle-mobile-disabled=\"false\" class=\"elementor-section elementor-top-section elementor-element elementor-element-956aff4 elementor-section-boxed elementor-section-height-default elementor-section-height-default\" data-id=\"956aff4\" data-element_type=\"section\" data-e-type=\"section\" data-settings=\"{&quot;background_background&quot;:&quot;classic&quot;}\">\n\t\t\t\t\t\t<div class=\"elementor-container elementor-column-gap-default\">\n\t\t\t\t\t<div class=\"elementor-column elementor-col-100 elementor-top-column elementor-element elementor-element-4ff8e20f\" data-id=\"4ff8e20f\" data-element_type=\"column\" data-e-type=\"column\">\n\t\t\t<div class=\"elementor-widget-wrap elementor-element-populated\">\n\t\t\t\t\t\t<div class=\"elementor-element elementor-element-3fe690b4 elementor-invisible elementor-widget elementor-widget-heading\" data-id=\"3fe690b4\" data-element_type=\"widget\" data-e-type=\"widget\" data-settings=\"{&quot;_animation&quot;:&quot;fadeInUp&quot;,&quot;_animation_delay&quot;:0}\" data-widget_type=\"heading.default\">\n\t\t\t\t<div class=\"elementor-widget-container\">\n\t\t\t\t\t<h2 class=\"elementor-heading-title elementor-size-default\">Aktu\u00e1ln\u00ed cen\u00edky a sazebn\u00edky<\/h2>\t\t\t\t<\/div>\n\t\t\t\t<\/div>\n\t\t\t\t\t<\/div>\n\t\t<\/div>\n\t\t\t\t\t<\/div>\n\t\t<\/section>\n\t\t\t\t<section data-particle_enable=\"false\" data-particle-mobile-disabled=\"false\" class=\"elementor-section elementor-top-section elementor-element elementor-element-46dc1e2b elementor-section-boxed elementor-section-height-default elementor-section-height-default\" data-id=\"46dc1e2b\" data-element_type=\"section\" data-e-type=\"section\" data-settings=\"{&quot;background_background&quot;:&quot;classic&quot;}\">\n\t\t\t\t\t\t<div class=\"elementor-container elementor-column-gap-default\">\n\t\t\t\t\t<div class=\"elementor-column elementor-col-100 elementor-top-column elementor-element elementor-element-49ca63a3\" data-id=\"49ca63a3\" data-element_type=\"column\" data-e-type=\"column\">\n\t\t\t<div class=\"elementor-widget-wrap elementor-element-populated\">\n\t\t\t\t\t\t<section data-particle_enable=\"false\" data-particle-mobile-disabled=\"false\" class=\"elementor-section elementor-inner-section elementor-element elementor-element-3d13398c elementor-section-boxed elementor-section-height-default elementor-section-height-default\" data-id=\"3d13398c\" data-element_type=\"section\" data-e-type=\"section\">\n\t\t\t\t\t\t<div class=\"elementor-container elementor-column-gap-default\">\n\t\t\t\t\t<div class=\"elementor-column elementor-col-33 elementor-inner-column elementor-element elementor-element-5e9cf3a\" data-id=\"5e9cf3a\" data-element_type=\"column\" data-e-type=\"column\" data-settings=\"{&quot;background_background&quot;:&quot;classic&quot;,&quot;animation&quot;:&quot;none&quot;,&quot;animation_delay&quot;:0}\">\n\t\t\t<div class=\"elementor-widget-wrap elementor-element-populated\">\n\t\t\t\t\t\t<div class=\"elementor-element elementor-element-24348ff elementor-position-top elementor-invisible elementor-widget elementor-widget-image-box\" data-id=\"24348ff\" data-element_type=\"widget\" data-e-type=\"widget\" data-settings=\"{&quot;_animation&quot;:&quot;fadeInUp&quot;,&quot;_animation_delay&quot;:500}\" data-widget_type=\"image-box.default\">\n\t\t\t\t<div class=\"elementor-widget-container\">\n\t\t\t\t\t<div class=\"elementor-image-box-wrapper\"><figure class=\"elementor-image-box-img\"><img fetchpriority=\"high\" decoding=\"async\" width=\"2560\" height=\"1920\" src=\"https:\/\/opora-os.cz\/wp-content\/uploads\/2023\/05\/invalidni-vozik-opora.jpg\" class=\"attachment-full size-full wp-image-119\" alt=\"\" srcset=\"https:\/\/opora-os.cz\/wp-content\/uploads\/2023\/05\/invalidni-vozik-opora.jpg 2560w, https:\/\/opora-os.cz\/wp-content\/uploads\/2023\/05\/invalidni-vozik-opora-300x225.jpg 300w, https:\/\/opora-os.cz\/wp-content\/uploads\/2023\/05\/invalidni-vozik-opora-1024x768.jpg 1024w, https:\/\/opora-os.cz\/wp-content\/uploads\/2023\/05\/invalidni-vozik-opora-768x576.jpg 768w, https:\/\/opora-os.cz\/wp-content\/uploads\/2023\/05\/invalidni-vozik-opora-1536x1152.jpg 1536w, https:\/\/opora-os.cz\/wp-content\/uploads\/2023\/05\/invalidni-vozik-opora-2048x1536.jpg 2048w\" sizes=\"(max-width: 2560px) 100vw, 2560px\" \/><\/figure><div class=\"elementor-image-box-content\"><h3 class=\"elementor-image-box-title\">Kompenza\u010dn\u00edch a zdravotn\u00ed pom\u016fcky<\/h3><p class=\"elementor-image-box-description\">Platnost cen\u00edku od 1. 3. 2024<br> <br><\/p><\/div><\/div>\t\t\t\t<\/div>\n\t\t\t\t<\/div>\n\t\t\t\t<div class=\"elementor-element elementor-element-2fb8dabd elementor-align-center elementor-mobile-align-justify elementor-invisible elementor-widget elementor-widget-button\" data-id=\"2fb8dabd\" data-element_type=\"widget\" data-e-type=\"widget\" data-settings=\"{&quot;_animation&quot;:&quot;fadeInUp&quot;,&quot;_animation_delay&quot;:900}\" data-widget_type=\"button.default\">\n\t\t\t\t<div class=\"elementor-widget-container\">\n\t\t\t\t\t\t\t\t\t<div class=\"elementor-button-wrapper\">\n\t\t\t\t\t<a class=\"elementor-button elementor-button-link elementor-size-lg\" href=\"https:\/\/opora-os.cz\/wp-content\/uploads\/2024\/02\/Cenik-pujcovna-OPORA_1_3_2024.pdf\" target=\"_blank\">\n\t\t\t\t\t\t<span class=\"elementor-button-content-wrapper\">\n\t\t\t\t\t\t\t\t\t<span class=\"elementor-button-text\">Cen\u00edk v PDF<\/span>\n\t\t\t\t\t<\/span>\n\t\t\t\t\t<\/a>\n\t\t\t\t<\/div>\n\t\t\t\t\t\t\t\t<\/div>\n\t\t\t\t<\/div>\n\t\t\t\t\t<\/div>\n\t\t<\/div>\n\t\t\t\t<div class=\"elementor-column elementor-col-33 elementor-inner-column elementor-element elementor-element-329103d9\" data-id=\"329103d9\" data-element_type=\"column\" data-e-type=\"column\" data-settings=\"{&quot;background_background&quot;:&quot;classic&quot;,&quot;animation&quot;:&quot;none&quot;,&quot;animation_delay&quot;:0}\">\n\t\t\t<div class=\"elementor-widget-wrap elementor-element-populated\">\n\t\t\t\t\t\t<div class=\"elementor-element elementor-element-37a62d0e elementor-position-top elementor-invisible elementor-widget elementor-widget-image-box\" data-id=\"37a62d0e\" data-element_type=\"widget\" data-e-type=\"widget\" data-settings=\"{&quot;_animation&quot;:&quot;fadeInUp&quot;,&quot;_animation_delay&quot;:500}\" data-widget_type=\"image-box.default\">\n\t\t\t\t<div class=\"elementor-widget-container\">\n\t\t\t\t\t<div class=\"elementor-image-box-wrapper\"><figure class=\"elementor-image-box-img\"><img decoding=\"async\" width=\"300\" height=\"225\" src=\"https:\/\/opora-os.cz\/wp-content\/uploads\/2023\/05\/Pecovatelska-sluzba-300x225-1.jpg\" class=\"attachment-full size-full wp-image-61\" alt=\"\" \/><\/figure><div class=\"elementor-image-box-content\"><h3 class=\"elementor-image-box-title\">Pe\u010dovatelsk\u00e1 slu\u017eba OPORA<\/h3><p class=\"elementor-image-box-description\">Platnost sazebn\u00edku \u00fahrad od 1. 1. 2026 .  <br><br> <\/p><\/div><\/div>\t\t\t\t<\/div>\n\t\t\t\t<\/div>\n\t\t\t\t<div class=\"elementor-element elementor-element-f3f7798 elementor-align-center elementor-mobile-align-justify elementor-invisible elementor-widget elementor-widget-button\" data-id=\"f3f7798\" data-element_type=\"widget\" data-e-type=\"widget\" data-settings=\"{&quot;_animation&quot;:&quot;fadeInUp&quot;,&quot;_animation_delay&quot;:900}\" data-widget_type=\"button.default\">\n\t\t\t\t<div class=\"elementor-widget-container\">\n\t\t\t\t\t\t\t\t\t<div class=\"elementor-button-wrapper\">\n\t\t\t\t\t<a class=\"elementor-button elementor-button-link elementor-size-lg\" href=\"https:\/\/opora-os.cz\/wp-content\/uploads\/2026\/01\/Sazebnik_uhrad_Pecovatelska_sluzba_OPORA_1_1_2026.pdf\" target=\"_blank\">\n\t\t\t\t\t\t<span class=\"elementor-button-content-wrapper\">\n\t\t\t\t\t\t\t\t\t<span class=\"elementor-button-text\">Sazebn\u00edk \u00fahrad v PDF<\/span>\n\t\t\t\t\t<\/span>\n\t\t\t\t\t<\/a>\n\t\t\t\t<\/div>\n\t\t\t\t\t\t\t\t<\/div>\n\t\t\t\t<\/div>\n\t\t\t\t\t<\/div>\n\t\t<\/div>\n\t\t\t\t<div class=\"elementor-column elementor-col-33 elementor-inner-column elementor-element elementor-element-3d571717\" data-id=\"3d571717\" data-element_type=\"column\" data-e-type=\"column\" data-settings=\"{&quot;background_background&quot;:&quot;classic&quot;,&quot;animation&quot;:&quot;none&quot;,&quot;animation_delay&quot;:0}\">\n\t\t\t<div class=\"elementor-widget-wrap elementor-element-populated\">\n\t\t\t\t\t\t<div class=\"elementor-element elementor-element-3b7203a9 elementor-position-top elementor-invisible elementor-widget elementor-widget-image-box\" data-id=\"3b7203a9\" data-element_type=\"widget\" data-e-type=\"widget\" data-settings=\"{&quot;_animation&quot;:&quot;fadeInUp&quot;,&quot;_animation_delay&quot;:500}\" data-widget_type=\"image-box.default\">\n\t\t\t\t<div class=\"elementor-widget-container\">\n\t\t\t\t\t<div class=\"elementor-image-box-wrapper\"><figure class=\"elementor-image-box-img\"><img decoding=\"async\" width=\"1280\" height=\"960\" src=\"https:\/\/opora-os.cz\/wp-content\/uploads\/2023\/05\/dependent-441408_1280.jpg\" class=\"attachment-full size-full wp-image-75\" alt=\"\" srcset=\"https:\/\/opora-os.cz\/wp-content\/uploads\/2023\/05\/dependent-441408_1280.jpg 1280w, https:\/\/opora-os.cz\/wp-content\/uploads\/2023\/05\/dependent-441408_1280-300x225.jpg 300w, https:\/\/opora-os.cz\/wp-content\/uploads\/2023\/05\/dependent-441408_1280-1024x768.jpg 1024w, https:\/\/opora-os.cz\/wp-content\/uploads\/2023\/05\/dependent-441408_1280-768x576.jpg 768w\" sizes=\"(max-width: 1280px) 100vw, 1280px\" \/><\/figure><div class=\"elementor-image-box-content\"><h3 class=\"elementor-image-box-title\">Odleh\u010dovac\u00ed slu\u017eby OPORA<\/h3><p class=\"elementor-image-box-description\">Platnost sazebn\u00edku \u00fahrad od 1. 7. 2024.\n<br><br><\/p><\/div><\/div>\t\t\t\t<\/div>\n\t\t\t\t<\/div>\n\t\t\t\t<div class=\"elementor-element elementor-element-15fec799 elementor-align-center elementor-mobile-align-justify elementor-invisible elementor-widget elementor-widget-button\" data-id=\"15fec799\" data-element_type=\"widget\" data-e-type=\"widget\" data-settings=\"{&quot;_animation&quot;:&quot;fadeInUp&quot;,&quot;_animation_delay&quot;:900}\" data-widget_type=\"button.default\">\n\t\t\t\t<div class=\"elementor-widget-container\">\n\t\t\t\t\t\t\t\t\t<div class=\"elementor-button-wrapper\">\n\t\t\t\t\t<a class=\"elementor-button elementor-button-link elementor-size-lg\" href=\"https:\/\/opora-os.cz\/wp-content\/uploads\/2024\/07\/Sazebnik_uhrad__Odlehcovaci-sluzby_OPORA_1_7_2024.pdf\" target=\"_blank\">\n\t\t\t\t\t\t<span class=\"elementor-button-content-wrapper\">\n\t\t\t\t\t\t\t\t\t<span class=\"elementor-button-text\">Sazebn\u00edk \u00fahrad v PDF<\/span>\n\t\t\t\t\t<\/span>\n\t\t\t\t\t<\/a>\n\t\t\t\t<\/div>\n\t\t\t\t\t\t\t\t<\/div>\n\t\t\t\t<\/div>\n\t\t\t\t\t<\/div>\n\t\t<\/div>\n\t\t\t\t\t<\/div>\n\t\t<\/section>\n\t\t\t\t\t<\/div>\n\t\t<\/div>\n\t\t\t\t\t<\/div>\n\t\t<\/section>\n\t\t\t\t<section data-particle_enable=\"false\" data-particle-mobile-disabled=\"false\" class=\"elementor-section elementor-top-section elementor-element elementor-element-352baa8a elementor-section-boxed elementor-section-height-default elementor-section-height-default\" data-id=\"352baa8a\" data-element_type=\"section\" data-e-type=\"section\" data-settings=\"{&quot;background_background&quot;:&quot;classic&quot;}\">\n\t\t\t\t\t\t<div class=\"elementor-container elementor-column-gap-default\">\n\t\t\t\t\t<div class=\"elementor-column elementor-col-100 elementor-top-column elementor-element elementor-element-8cdaf4f\" data-id=\"8cdaf4f\" data-element_type=\"column\" data-e-type=\"column\">\n\t\t\t<div class=\"elementor-widget-wrap elementor-element-populated\">\n\t\t\t\t\t\t<div class=\"elementor-element elementor-element-98a26cf elementor-invisible elementor-widget elementor-widget-heading\" data-id=\"98a26cf\" data-element_type=\"widget\" data-e-type=\"widget\" data-settings=\"{&quot;_animation&quot;:&quot;fadeInUp&quot;,&quot;_animation_delay&quot;:700}\" data-widget_type=\"heading.default\">\n\t\t\t\t<div class=\"elementor-widget-container\">\n\t\t\t\t\t<h2 class=\"elementor-heading-title elementor-size-default\">V\u00fd\u0161e \u00fahrad je v souladu s aktu\u00e1ln\u00edm zn\u011bn\u00edm vyhl\u00e1\u0161ky \u010d. 505\/2006 Sb., kterou se prov\u00e1d\u011bj\u00ed n\u011bkter\u00e1 ustanoven\u00ed z\u00e1kona o soci\u00e1ln\u00edch slu\u017eb\u00e1ch.<\/h2>\t\t\t\t<\/div>\n\t\t\t\t<\/div>\n\t\t\t\t\t<\/div>\n\t\t<\/div>\n\t\t\t\t\t<\/div>\n\t\t<\/section>\n\t\t\t\t<\/div>\n\t\t","protected":false},"excerpt":{"rendered":"<p>Sazebn\u00edk \u00fahrad Aktu\u00e1ln\u00ed cen\u00edky a sazebn\u00edky Kompenza\u010dn\u00edch a zdravotn\u00ed pom\u016fcky Platnost cen\u00edku od 1. 3. 2024 Cen\u00edk v PDF Pe\u010dovatelsk\u00e1 slu\u017eba OPORA Platnost sazebn\u00edku \u00fahrad od 1. 1. 2026 . Sazebn\u00edk \u00fahrad v PDF Odleh\u010dovac\u00ed slu\u017eby OPORA Platnost sazebn\u00edku \u00fahrad od 1. 7. 2024. Sazebn\u00edk \u00fahrad v PDF V\u00fd\u0161e \u00fahrad je v souladu s aktu\u00e1ln\u00edm [&hellip;]<\/p>\n","protected":false},"author":1,"featured_media":0,"parent":0,"menu_order":0,"comment_status":"closed","ping_status":"closed","template":"","meta":{"footnotes":""},"class_list":["post-185","page","type-page","status-publish","hentry"],"yoast_head":"<!-- This site is optimized with the Yoast SEO plugin v27.5 - https:\/\/yoast.com\/product\/yoast-seo-wordpress\/ -->\n<title>Sazebn\u00edk \u00fahrad - OPORA<\/title>\n<meta name=\"robots\" content=\"index, follow, max-snippet:-1, max-image-preview:large, max-video-preview:-1\" \/>\n<link rel=\"canonical\" href=\"https:\/\/opora-os.cz\/index.php\/sazebnik-uhrad\/\" \/>\n<meta property=\"og:locale\" content=\"cs_CZ\" \/>\n<meta property=\"og:type\" content=\"article\" \/>\n<meta property=\"og:title\" content=\"Sazebn\u00edk \u00fahrad - OPORA\" \/>\n<meta property=\"og:description\" content=\"Sazebn\u00edk \u00fahrad Aktu\u00e1ln\u00ed cen\u00edky a sazebn\u00edky Kompenza\u010dn\u00edch a zdravotn\u00ed pom\u016fcky Platnost cen\u00edku od 1. 3. 2024 Cen\u00edk v PDF Pe\u010dovatelsk\u00e1 slu\u017eba OPORA Platnost sazebn\u00edku \u00fahrad od 1. 1. 2026 . Sazebn\u00edk \u00fahrad v PDF Odleh\u010dovac\u00ed slu\u017eby OPORA Platnost sazebn\u00edku \u00fahrad od 1. 7. 2024. Sazebn\u00edk \u00fahrad v PDF V\u00fd\u0161e \u00fahrad je v souladu s aktu\u00e1ln\u00edm [&hellip;]\" \/>\n<meta property=\"og:url\" content=\"https:\/\/opora-os.cz\/index.php\/sazebnik-uhrad\/\" \/>\n<meta property=\"og:site_name\" content=\"OPORA\" \/>\n<meta property=\"article:modified_time\" content=\"2026-01-12T09:00:17+00:00\" \/>\n<meta property=\"og:image\" content=\"https:\/\/opora-os.cz\/wp-content\/uploads\/2023\/05\/invalidni-vozik-opora.jpg\" \/>\n\t<meta property=\"og:image:width\" content=\"2560\" \/>\n\t<meta property=\"og:image:height\" content=\"1920\" \/>\n\t<meta property=\"og:image:type\" content=\"image\/jpeg\" \/>\n<meta name=\"twitter:card\" content=\"summary_large_image\" \/>\n<meta name=\"twitter:label1\" content=\"Odhadovan\u00e1 doba \u010dten\u00ed\" \/>\n\t<meta name=\"twitter:data1\" content=\"1 minuta\" \/>\n<script type=\"application\/ld+json\" class=\"yoast-schema-graph\">{\"@context\":\"https:\\\/\\\/schema.org\",\"@graph\":[{\"@type\":\"WebPage\",\"@id\":\"https:\\\/\\\/opora-os.cz\\\/index.php\\\/sazebnik-uhrad\\\/\",\"url\":\"https:\\\/\\\/opora-os.cz\\\/index.php\\\/sazebnik-uhrad\\\/\",\"name\":\"Sazebn\u00edk \u00fahrad - OPORA\",\"isPartOf\":{\"@id\":\"https:\\\/\\\/opora-os.cz\\\/#website\"},\"primaryImageOfPage\":{\"@id\":\"https:\\\/\\\/opora-os.cz\\\/index.php\\\/sazebnik-uhrad\\\/#primaryimage\"},\"image\":{\"@id\":\"https:\\\/\\\/opora-os.cz\\\/index.php\\\/sazebnik-uhrad\\\/#primaryimage\"},\"thumbnailUrl\":\"https:\\\/\\\/opora-os.cz\\\/wp-content\\\/uploads\\\/2023\\\/05\\\/invalidni-vozik-opora.jpg\",\"datePublished\":\"2023-05-22T15:52:47+00:00\",\"dateModified\":\"2026-01-12T09:00:17+00:00\",\"breadcrumb\":{\"@id\":\"https:\\\/\\\/opora-os.cz\\\/index.php\\\/sazebnik-uhrad\\\/#breadcrumb\"},\"inLanguage\":\"cs\",\"potentialAction\":[{\"@type\":\"ReadAction\",\"target\":[\"https:\\\/\\\/opora-os.cz\\\/index.php\\\/sazebnik-uhrad\\\/\"]}]},{\"@type\":\"ImageObject\",\"inLanguage\":\"cs\",\"@id\":\"https:\\\/\\\/opora-os.cz\\\/index.php\\\/sazebnik-uhrad\\\/#primaryimage\",\"url\":\"https:\\\/\\\/opora-os.cz\\\/wp-content\\\/uploads\\\/2023\\\/05\\\/invalidni-vozik-opora.jpg\",\"contentUrl\":\"https:\\\/\\\/opora-os.cz\\\/wp-content\\\/uploads\\\/2023\\\/05\\\/invalidni-vozik-opora.jpg\",\"width\":2560,\"height\":1920},{\"@type\":\"BreadcrumbList\",\"@id\":\"https:\\\/\\\/opora-os.cz\\\/index.php\\\/sazebnik-uhrad\\\/#breadcrumb\",\"itemListElement\":[{\"@type\":\"ListItem\",\"position\":1,\"name\":\"Home\",\"item\":\"https:\\\/\\\/opora-os.cz\\\/\"},{\"@type\":\"ListItem\",\"position\":2,\"name\":\"Sazebn\u00edk \u00fahrad\"}]},{\"@type\":\"WebSite\",\"@id\":\"https:\\\/\\\/opora-os.cz\\\/#website\",\"url\":\"https:\\\/\\\/opora-os.cz\\\/\",\"name\":\"OPORA\",\"description\":\"\",\"publisher\":{\"@id\":\"https:\\\/\\\/opora-os.cz\\\/#organization\"},\"potentialAction\":[{\"@type\":\"SearchAction\",\"target\":{\"@type\":\"EntryPoint\",\"urlTemplate\":\"https:\\\/\\\/opora-os.cz\\\/?s={search_term_string}\"},\"query-input\":{\"@type\":\"PropertyValueSpecification\",\"valueRequired\":true,\"valueName\":\"search_term_string\"}}],\"inLanguage\":\"cs\"},{\"@type\":\"Organization\",\"@id\":\"https:\\\/\\\/opora-os.cz\\\/#organization\",\"name\":\"OPORA\",\"url\":\"https:\\\/\\\/opora-os.cz\\\/\",\"logo\":{\"@type\":\"ImageObject\",\"inLanguage\":\"cs\",\"@id\":\"https:\\\/\\\/opora-os.cz\\\/#\\\/schema\\\/logo\\\/image\\\/\",\"url\":\"https:\\\/\\\/opora-os.cz\\\/wp-content\\\/uploads\\\/2023\\\/05\\\/cropped-logo_opora_manual-1.png\",\"contentUrl\":\"https:\\\/\\\/opora-os.cz\\\/wp-content\\\/uploads\\\/2023\\\/05\\\/cropped-logo_opora_manual-1.png\",\"width\":1274,\"height\":364,\"caption\":\"OPORA\"},\"image\":{\"@id\":\"https:\\\/\\\/opora-os.cz\\\/#\\\/schema\\\/logo\\\/image\\\/\"}}]}<\/script>\n<!-- \/ Yoast SEO plugin. -->","yoast_head_json":{"title":"Sazebn\u00edk \u00fahrad - OPORA","robots":{"index":"index","follow":"follow","max-snippet":"max-snippet:-1","max-image-preview":"max-image-preview:large","max-video-preview":"max-video-preview:-1"},"canonical":"https:\/\/opora-os.cz\/index.php\/sazebnik-uhrad\/","og_locale":"cs_CZ","og_type":"article","og_title":"Sazebn\u00edk \u00fahrad - OPORA","og_description":"Sazebn\u00edk \u00fahrad Aktu\u00e1ln\u00ed cen\u00edky a sazebn\u00edky Kompenza\u010dn\u00edch a zdravotn\u00ed pom\u016fcky Platnost cen\u00edku od 1. 3. 2024 Cen\u00edk v PDF Pe\u010dovatelsk\u00e1 slu\u017eba OPORA Platnost sazebn\u00edku \u00fahrad od 1. 1. 2026 . Sazebn\u00edk \u00fahrad v PDF Odleh\u010dovac\u00ed slu\u017eby OPORA Platnost sazebn\u00edku \u00fahrad od 1. 7. 2024. Sazebn\u00edk \u00fahrad v PDF V\u00fd\u0161e \u00fahrad je v souladu s aktu\u00e1ln\u00edm [&hellip;]","og_url":"https:\/\/opora-os.cz\/index.php\/sazebnik-uhrad\/","og_site_name":"OPORA","article_modified_time":"2026-01-12T09:00:17+00:00","og_image":[{"width":2560,"height":1920,"url":"https:\/\/opora-os.cz\/wp-content\/uploads\/2023\/05\/invalidni-vozik-opora.jpg","type":"image\/jpeg"}],"twitter_card":"summary_large_image","twitter_misc":{"Odhadovan\u00e1 doba \u010dten\u00ed":"1 minuta"},"schema":{"@context":"https:\/\/schema.org","@graph":[{"@type":"WebPage","@id":"https:\/\/opora-os.cz\/index.php\/sazebnik-uhrad\/","url":"https:\/\/opora-os.cz\/index.php\/sazebnik-uhrad\/","name":"Sazebn\u00edk \u00fahrad - OPORA","isPartOf":{"@id":"https:\/\/opora-os.cz\/#website"},"primaryImageOfPage":{"@id":"https:\/\/opora-os.cz\/index.php\/sazebnik-uhrad\/#primaryimage"},"image":{"@id":"https:\/\/opora-os.cz\/index.php\/sazebnik-uhrad\/#primaryimage"},"thumbnailUrl":"https:\/\/opora-os.cz\/wp-content\/uploads\/2023\/05\/invalidni-vozik-opora.jpg","datePublished":"2023-05-22T15:52:47+00:00","dateModified":"2026-01-12T09:00:17+00:00","breadcrumb":{"@id":"https:\/\/opora-os.cz\/index.php\/sazebnik-uhrad\/#breadcrumb"},"inLanguage":"cs","potentialAction":[{"@type":"ReadAction","target":["https:\/\/opora-os.cz\/index.php\/sazebnik-uhrad\/"]}]},{"@type":"ImageObject","inLanguage":"cs","@id":"https:\/\/opora-os.cz\/index.php\/sazebnik-uhrad\/#primaryimage","url":"https:\/\/opora-os.cz\/wp-content\/uploads\/2023\/05\/invalidni-vozik-opora.jpg","contentUrl":"https:\/\/opora-os.cz\/wp-content\/uploads\/2023\/05\/invalidni-vozik-opora.jpg","width":2560,"height":1920},{"@type":"BreadcrumbList","@id":"https:\/\/opora-os.cz\/index.php\/sazebnik-uhrad\/#breadcrumb","itemListElement":[{"@type":"ListItem","position":1,"name":"Home","item":"https:\/\/opora-os.cz\/"},{"@type":"ListItem","position":2,"name":"Sazebn\u00edk \u00fahrad"}]},{"@type":"WebSite","@id":"https:\/\/opora-os.cz\/#website","url":"https:\/\/opora-os.cz\/","name":"OPORA","description":"","publisher":{"@id":"https:\/\/opora-os.cz\/#organization"},"potentialAction":[{"@type":"SearchAction","target":{"@type":"EntryPoint","urlTemplate":"https:\/\/opora-os.cz\/?s={search_term_string}"},"query-input":{"@type":"PropertyValueSpecification","valueRequired":true,"valueName":"search_term_string"}}],"inLanguage":"cs"},{"@type":"Organization","@id":"https:\/\/opora-os.cz\/#organization","name":"OPORA","url":"https:\/\/opora-os.cz\/","logo":{"@type":"ImageObject","inLanguage":"cs","@id":"https:\/\/opora-os.cz\/#\/schema\/logo\/image\/","url":"https:\/\/opora-os.cz\/wp-content\/uploads\/2023\/05\/cropped-logo_opora_manual-1.png","contentUrl":"https:\/\/opora-os.cz\/wp-content\/uploads\/2023\/05\/cropped-logo_opora_manual-1.png","width":1274,"height":364,"caption":"OPORA"},"image":{"@id":"https:\/\/opora-os.cz\/#\/schema\/logo\/image\/"}}]}},"_links":{"self":[{"href":"https:\/\/opora-os.cz\/index.php\/wp-json\/wp\/v2\/pages\/185","targetHints":{"allow":["GET"]}}],"collection":[{"href":"https:\/\/opora-os.cz\/index.php\/wp-json\/wp\/v2\/pages"}],"about":[{"href":"https:\/\/opora-os.cz\/index.php\/wp-json\/wp\/v2\/types\/page"}],"author":[{"embeddable":true,"href":"https:\/\/opora-os.cz\/index.php\/wp-json\/wp\/v2\/users\/1"}],"replies":[{"embeddable":true,"href":"https:\/\/opora-os.cz\/index.php\/wp-json\/wp\/v2\/comments?post=185"}],"version-history":[{"count":113,"href":"https:\/\/opora-os.cz\/index.php\/wp-json\/wp\/v2\/pages\/185\/revisions"}],"predecessor-version":[{"id":858,"href":"https:\/\/opora-os.cz\/index.php\/wp-json\/wp\/v2\/pages\/185\/revisions\/858"}],"wp:attachment":[{"href":"https:\/\/opora-os.cz\/index.php\/wp-json\/wp\/v2\/media?parent=185"}],"curies":[{"name":"wp","href":"https:\/\/api.w.org\/{rel}","templated":true}]}}